{"id":284,"date":"2012-07-09T11:30:50","date_gmt":"2012-07-09T09:30:50","guid":{"rendered":"https:\/\/zz-indigo.mavipet.sk\/?page_id=284"},"modified":"2012-07-09T11:30:50","modified_gmt":"2012-07-09T09:30:50","slug":"avrnag","status":"publish","type":"page","link":"https:\/\/zz-indigo.mavipet.sk\/?page_id=284","title":{"rendered":"AVRnag"},"content":{"rendered":"<p>Na z\u00e1klade podnetu jedn\u00e9ho m\u00f4jho otravn\u00e9ho zn\u00e1meho, som sa rozhodol vytvori\u0165 pluginy do nagiosu pre USB gadgety.<\/p>\n<p>Aktu\u00e1lne pracujem na podpore <a title=\"little wire domovska stranka\" href=\"http:\/\/littlewire.cc\/\">little wire<\/a>. Neskor by mala pribudn\u00fa\u0165 podpora aj pre projekt\u00a0<a title=\"i2c tiny USB domovska stranka\" href=\"http:\/\/www.harbaum.org\/till\/i2c_tiny_usb\/index.shtml\"> i2c-tiny-usb.<\/a> Pr\u00edpadne pre vlastn\u00fa verziu USB gadgetu.<\/p>\n<p>Little wire je mo\u017e\u00e9 pou\u017e\u00edva\u0165 z intern\u00fdm teplomerom alebo pomocou externeho I2C teplomera. Intern\u00fd m\u00e1 ve\u013emy nizku rozli\u0161ovaciu schopnos\u0165 1<strong>\u00b0<\/strong>C. \u010ealej ho treba kalibrova\u0165,<\/p>\n","protected":false},"excerpt":{"rendered":"<p>Na z\u00e1klade podnetu jedn\u00e9ho m\u00f4jho otravn\u00e9ho zn\u00e1meho, som sa rozhodol vytvori\u0165 pluginy do nagiosu pre USB gadgety. Aktu\u00e1lne pracujem na podpore little wire. Neskor by mala pribudn\u00fa\u0165 podpora aj pre projekt\u00a0 i2c-tiny-usb. Pr\u00edpadne pre vlastn\u00fa verziu USB gadgetu. Little wire &hellip; <a href=\"https:\/\/zz-indigo.mavipet.sk\/?page_id=284\">Pokra\u010dova\u0165 v \u010d\u00edtan\u00ed <span class=\"meta-nav\">&rarr;<\/span><\/a><\/p>\n","protected":false},"author":1,"featured_media":0,"parent":83,"menu_order":0,"comment_status":"closed","ping_status":"closed","template":"","meta":{"footnotes":""},"class_list":["post-284","page","type-page","status-publish","hentry"],"_links":{"self":[{"href":"https:\/\/zz-indigo.mavipet.sk\/index.php?rest_route=\/wp\/v2\/pages\/284","targetHints":{"allow":["GET"]}}],"collection":[{"href":"https:\/\/zz-indigo.mavipet.sk\/index.php?rest_route=\/wp\/v2\/pages"}],"about":[{"href":"https:\/\/zz-indigo.mavipet.sk\/index.php?rest_route=\/wp\/v2\/types\/page"}],"author":[{"embeddable":true,"href":"https:\/\/zz-indigo.mavipet.sk\/index.php?rest_route=\/wp\/v2\/users\/1"}],"replies":[{"embeddable":true,"href":"https:\/\/zz-indigo.mavipet.sk\/index.php?rest_route=%2Fwp%2Fv2%2Fcomments&post=284"}],"version-history":[{"count":0,"href":"https:\/\/zz-indigo.mavipet.sk\/index.php?rest_route=\/wp\/v2\/pages\/284\/revisions"}],"up":[{"embeddable":true,"href":"https:\/\/zz-indigo.mavipet.sk\/index.php?rest_route=\/wp\/v2\/pages\/83"}],"wp:attachment":[{"href":"https:\/\/zz-indigo.mavipet.sk\/index.php?rest_route=%2Fwp%2Fv2%2Fmedia&parent=284"}],"curies":[{"name":"wp","href":"https:\/\/api.w.org\/{rel}","templated":true}]}}