{"id":94,"date":"2012-04-06T20:42:50","date_gmt":"2012-04-06T18:42:50","guid":{"rendered":"https:\/\/zz-indigo.mavipet.sk\/?page_id=94"},"modified":"2012-04-06T20:42:50","modified_gmt":"2012-04-06T18:42:50","slug":"kylian-616","status":"publish","type":"page","link":"https:\/\/zz-indigo.mavipet.sk\/?page_id=94","title":{"rendered":"Kylian 616"},"content":{"rendered":"<p>Jedn\u00e1 sa o projekt jednoduch\u00e9ho akceler\u00e1tora z Autoconfig RAM. Ktor\u00e9ho \u00falohou je spr\u00edjemni\u0165 hranie HDload hier na A600<\/p>\n<p>Cie\u013eov\u00e9 po\u017eiadavky:<\/p>\n<ol>\n<li>Autoconfig RAM (Hotovo. 2M DRAM)<\/li>\n<li>68SEC000 na frekvencii <del>16Mhz asynchr\u00f3nne od amigy.<\/del> 14.18758 Mhz (dvojn\u00e1sobok\u00a0 CPU amigy.)<\/li>\n<li>Voln\u00e1 \u010das\u0165 CPLD sa na nie\u010do e\u0161te pou\u017eije.<\/li>\n<\/ol>\n<p>Na projekte som volne spolupracoval z Boboo ktor\u00fd svoj projekt <a title=\"Recenzia Furia S628\" href=\"http:\/\/www.amigaportal.cz\/clankyos3\/6407-f%C3%BAria-s628-turbokarta-pro-amigu-600.html\">FURIA S628<\/a> dokon\u010dil. Jeho projekt pracuje v synchr\u00f3nnom takte z amigou a \u0161tandardne je osaden\u00fd 2M ram (1.5 SLOW FAST + 0.5 FAST bez autoconfigu). Z mo\u017enos\u0165ou pripojenia \u010fal\u0161ej Autoconfig RAM.<\/p>\n<p>Ale nasp\u00e4\u0165 k m\u00f4jmu projektu. Sch\u00e9ma je ve\u013emi jednoduch\u00e1. Jedn\u00e1 sa len o procesor, pam\u00e4\u0165 a CPLD ktor\u00e9 sa star\u00e1 o cel\u00fa logiku. <a title=\"Aktu\u00e1lna sch\u00e9ma zo SVN\" href=\"https:\/\/svn.mavipet.sk\/svn\/Kylian616\/acc_smd_7128_dram_sch.pdf\">PDF sch\u00e9my<\/a><\/p>\n<p>&nbsp;<\/p>\n<p><strong>Testovacia verzia:<\/strong><\/p>\n<p><a href=\"https:\/\/zz-indigo.mavipet.sk\/wp-content\/uploads\/2012\/04\/IMAG0003.jpg\"><img loading=\"lazy\" decoding=\"async\" class=\"aligncenter size-medium wp-image-204\" title=\"Pracovna verzia &quot;akceleratora&quot; vrchna strana.\" src=\"https:\/\/zz-indigo.mavipet.sk\/wp-content\/uploads\/2012\/04\/IMAG0003-300x225.jpg\" alt=\"Kylian616 pracovna verzia. TOP\" width=\"300\" height=\"225\" srcset=\"https:\/\/zz-indigo.mavipet.sk\/wp-content\/uploads\/2012\/04\/IMAG0003-300x225.jpg 300w, https:\/\/zz-indigo.mavipet.sk\/wp-content\/uploads\/2012\/04\/IMAG0003-768x576.jpg 768w, https:\/\/zz-indigo.mavipet.sk\/wp-content\/uploads\/2012\/04\/IMAG0003-1024x768.jpg 1024w, https:\/\/zz-indigo.mavipet.sk\/wp-content\/uploads\/2012\/04\/IMAG0003-1200x900.jpg 1200w, https:\/\/zz-indigo.mavipet.sk\/wp-content\/uploads\/2012\/04\/IMAG0003.jpg 2048w\" sizes=\"auto, (max-width: 300px) 100vw, 300px\" \/><\/a><a href=\"https:\/\/zz-indigo.mavipet.sk\/wp-content\/uploads\/2012\/04\/IMAG0004.jpg\"><img loading=\"lazy\" decoding=\"async\" class=\"aligncenter size-medium wp-image-205\" title=\"Kylian616 pracovna verzia spodna strana.\" src=\"https:\/\/zz-indigo.mavipet.sk\/wp-content\/uploads\/2012\/04\/IMAG0004-300x225.jpg\" alt=\"\" width=\"300\" height=\"225\" srcset=\"https:\/\/zz-indigo.mavipet.sk\/wp-content\/uploads\/2012\/04\/IMAG0004-300x225.jpg 300w, https:\/\/zz-indigo.mavipet.sk\/wp-content\/uploads\/2012\/04\/IMAG0004-768x576.jpg 768w, https:\/\/zz-indigo.mavipet.sk\/wp-content\/uploads\/2012\/04\/IMAG0004-1024x768.jpg 1024w, https:\/\/zz-indigo.mavipet.sk\/wp-content\/uploads\/2012\/04\/IMAG0004-1200x900.jpg 1200w, https:\/\/zz-indigo.mavipet.sk\/wp-content\/uploads\/2012\/04\/IMAG0004.jpg 2048w\" sizes=\"auto, (max-width: 300px) 100vw, 300px\" \/><\/a><a href=\"https:\/\/zz-indigo.mavipet.sk\/wp-content\/uploads\/2012\/04\/IMAG0001.jpg\"><img loading=\"lazy\" decoding=\"async\" class=\"aligncenter size-medium wp-image-208\" title=\"Tesovacia zostava\" src=\"https:\/\/zz-indigo.mavipet.sk\/wp-content\/uploads\/2012\/04\/IMAG0001-300x225.jpg\" alt=\"A600 REV 2D + Kilian616\" width=\"300\" height=\"225\" srcset=\"https:\/\/zz-indigo.mavipet.sk\/wp-content\/uploads\/2012\/04\/IMAG0001-300x225.jpg 300w, https:\/\/zz-indigo.mavipet.sk\/wp-content\/uploads\/2012\/04\/IMAG0001-768x576.jpg 768w, https:\/\/zz-indigo.mavipet.sk\/wp-content\/uploads\/2012\/04\/IMAG0001-1024x768.jpg 1024w, https:\/\/zz-indigo.mavipet.sk\/wp-content\/uploads\/2012\/04\/IMAG0001-1200x900.jpg 1200w, https:\/\/zz-indigo.mavipet.sk\/wp-content\/uploads\/2012\/04\/IMAG0001.jpg 2048w\" sizes=\"auto, (max-width: 300px) 100vw, 300px\" \/><\/a><\/p>\n<p>Po po\u0161koden\u00ed p\u00f4vodn\u00e9ho prototypu bol vyroben\u00fd druh\u00fd z inak rie\u0161en\u00fdm pripojen\u00edm JTAG program\u00e1toru.<\/p>\n<p><a href=\"https:\/\/zz-indigo.mavipet.sk\/wp-content\/uploads\/2013\/04\/IMG_0024.jpg\"><img loading=\"lazy\" decoding=\"async\" class=\"aligncenter size-large wp-image-619\" title=\"Prototyp vrch\" src=\"https:\/\/zz-indigo.mavipet.sk\/wp-content\/uploads\/2013\/04\/IMG_0024-1024x684.jpg\" alt=\"Osadeny prototyp z vrchu.\" width=\"640\" height=\"427\" \/><\/a><\/p>\n<p>Pozn\u00e1mky:<\/p>\n<ul>\n<li>Asynchr\u00f3nna verzia by vy\u017eadovala vyrovn\u00e1vacie registre medzi amigou a akceler\u00e1torom<\/li>\n<li>Amiga vy\u017eaduje zmeny na zbernici po\u010das vzostupnej hrany CLK. \u010co je mo\u017en\u00e9 len za pomoci vyrovn\u00e1vac\u00edch registrov.<\/li>\n<li>Podobne sign\u00e1li z amigi.<\/li>\n<li>Ke\u017ee toto je pri st\u00e1vaj\u00facom zapojen\u00fd nerealizovate\u013en\u00e9, bude akceler\u00e1tor synchr\u00f3nny.\u00a0 Pri pou\u017eit\u00fd vkladania wait cyklov je mo\u017en\u00e9 zarovn\u00e1vanie sign\u00e1lov bez registrov.<\/li>\n<\/ul>\n<p>Linky:<\/p>\n<ul>\n<li><a title=\"SVN repozit\u00e1r VHDL k\u00f3du\" href=\"https:\/\/svn.mavipet.sk\/svn\/Kylian616\/vhdl\/\">Zdrojov\u00e9 k\u00f3dy<\/a> aktu\u00e1lna SVN verzia.<\/li>\n<li><\/li>\n<\/ul>\n","protected":false},"excerpt":{"rendered":"<p>Jedn\u00e1 sa o projekt jednoduch\u00e9ho akceler\u00e1tora z Autoconfig RAM. Ktor\u00e9ho \u00falohou je spr\u00edjemni\u0165 hranie HDload hier na A600 Cie\u013eov\u00e9 po\u017eiadavky: Autoconfig RAM (Hotovo. 2M DRAM) 68SEC000 na frekvencii 16Mhz asynchr\u00f3nne od amigy. 14.18758 Mhz (dvojn\u00e1sobok\u00a0 CPU amigy.) Voln\u00e1 \u010das\u0165 CPLD &hellip; <a href=\"https:\/\/zz-indigo.mavipet.sk\/?page_id=94\">Pokra\u010dova\u0165 v \u010d\u00edtan\u00ed <span class=\"meta-nav\">&rarr;<\/span><\/a><\/p>\n","protected":false},"author":1,"featured_media":0,"parent":83,"menu_order":0,"comment_status":"closed","ping_status":"closed","template":"","meta":{"footnotes":""},"class_list":["post-94","page","type-page","status-publish","hentry"],"_links":{"self":[{"href":"https:\/\/zz-indigo.mavipet.sk\/index.php?rest_route=\/wp\/v2\/pages\/94","targetHints":{"allow":["GET"]}}],"collection":[{"href":"https:\/\/zz-indigo.mavipet.sk\/index.php?rest_route=\/wp\/v2\/pages"}],"about":[{"href":"https:\/\/zz-indigo.mavipet.sk\/index.php?rest_route=\/wp\/v2\/types\/page"}],"author":[{"embeddable":true,"href":"https:\/\/zz-indigo.mavipet.sk\/index.php?rest_route=\/wp\/v2\/users\/1"}],"replies":[{"embeddable":true,"href":"https:\/\/zz-indigo.mavipet.sk\/index.php?rest_route=%2Fwp%2Fv2%2Fcomments&post=94"}],"version-history":[{"count":0,"href":"https:\/\/zz-indigo.mavipet.sk\/index.php?rest_route=\/wp\/v2\/pages\/94\/revisions"}],"up":[{"embeddable":true,"href":"https:\/\/zz-indigo.mavipet.sk\/index.php?rest_route=\/wp\/v2\/pages\/83"}],"wp:attachment":[{"href":"https:\/\/zz-indigo.mavipet.sk\/index.php?rest_route=%2Fwp%2Fv2%2Fmedia&parent=94"}],"curies":[{"name":"wp","href":"https:\/\/api.w.org\/{rel}","templated":true}]}}